 is 10 - 235?
-225
In base 9, what is 431 + -1?
430
In base 5, what is -31 - 100?
-131
In base 6, what is 2 + 1?
3
In base 8, what is -154 + 242?
66
In base 2, what is -101 + 110010100010?
110010011101
In base 6, what is 23410 + -1?
23405
In base 16, what is 25 - -17e?
1a3
In base 5, what is -10 - 32233?
-32243
In base 15, what is 1 + 63?
64
In base 3, what is -11 + 1212?
1201
In base 11, what is -8 - -10?
3
In base 9, what is -3 - 557?
-561
In base 15, what is 2 - -287?
289
In base 5, what is -10 + -1214?
-1224
In base 2, what is 111 - 100110110001?
-100110101010
In base 14, what is 534 - -5?
539
In base 8, what is 12 + -1042?
-1030
In base 2, what is 1000 + -1000001?
-111001
In base 3, what is 2 + -1111?
-1102
In base 5, what is -11 + 0?
-11
In base 7, what is 61 - 324?
-233
In base 5, what is 11 + -444?
-433
In base 2, what is -1101 - 100111?
-110100
In base 5, what is 4441 - 21?
4420
In base 8, what is 106 - 25?
61
In base 2, what is 10 - 100?
-10
In base 16, what is 1 - 3?
-2
In base 9, what is 1 + -512?
-511
In base 5, what is 21 - 4301?
-4230
In base 2, what is 11 + -111110?
-111011
In base 6, what is 5544 - -4?
5552
In base 9, what is 4 - -511?
515
In base 8, what is 6 + -101?
-73
In base 7, what is -10 + -1501?
-1511
In base 12, what is 5 + -3?
2
In base 8, what is 77 + 24?
123
In base 4, what is -2001 + 10?
-1331
In base 2, what is -101 + 101111110001?
101111101100
In base 15, what is 71a + -8?
712
In base 15, what is -2 - c9?
-cb
In base 10, what is -1 - 732?
-733
In base 6, what is 10 + -42?
-32
In base 16, what is 94 + e?
a2
In base 16, what is -2c8 + 5?
-2c3
In base 9, what is 35 - 1?
34
In base 8, what is -76 + 121?
23
In base 2, what is 0 + 1001011?
1001011
In base 9, what is 8053 - -5?
8058
In base 10, what is 29 + -8?
21
In base 9, what is 401 + -3?
387
In base 11, what is -71 - 33?
-a4
In base 7, what is -203 + -31?
-234
In base 10, what is 817 - -10?
827
In base 14, what is -6 + -458?
-460
In base 2, what is -10001100 - 0?
-10001100
In base 3, what is 1220000 - -10?
1220010
In base 7, what is -5 - -1616?
1611
In base 6, what is 233 + 45?
322
In base 11, what is -1 - -268?
267
In base 3, what is -20 - -11120?
11100
In base 15, what is -120a + -1?
-120b
In base 9, what is -1332 + -3?
-1335
In base 7, what is 3 - 200?
-164
In base 4, what is 22021 - -2?
22023
In base 5, what is 222343 + 10?
222403
In base 6, what is -4 - 2154?
-2202
In base 12, what is 120 - -17?
137
In base 3, what is -11 + -1122?
-1210
In base 7, what is -2123 - 1?
-2124
In base 3, what is 1 - 1102?
-1101
In base 10, what is -2 + -255?
-257
In base 8, what is -2 + 30?
26
In base 5, what is 13 + 1?
14
In base 9, what is 7 + 1466?
1474
In base 13, what is -5 + -12?
-17
In base 11, what is -102 - -11?
-a1
In base 7, what is -2 + -42?
-44
In base 5, what is -4 - -31?
22
In base 11, what is -232 + -2?
-234
In base 4, what is 1110 + 3?
1113
In base 15, what is -5 + -484?
-489
In base 9, what is 2 + 1304?
1306
In base 4, what is -230 - 20?
-310
In base 16, what is 5 + -6e9?
-6e4
In base 4, what is 2 - 131101?
-131033
In base 14, what is -c8 + -55?
-13d
In base 2, what is -101111 - -1?
-101110
In base 10, what is -5 + -653?
-658
In base 7, what is 0 + -26156?
-26156
In base 8, what is 1 + -366?
-365
In base 10, what is -4 + 7?
3
In base 5, what is -112330 + -4?
-112334
In base 15, what is 16 - -181?
197
In base 4, what is 11022 + -3?
11013
In base 10, what is -4 - -53?
49
In base 10, what is 667 + -2?
665
In base 10, what is 3 + 428?
431
In base 4, what is 21 - -1323?
2010
In base 14, what is -4 - 14?
-18
In base 7, what is 11112 + 3?
11115
In base 3, what is 1000001 + -2?
222222
In base 3, what is 12 + 12210?
12222
In base 9, what is 347 - -3?
351
In base 12, what is 3 - 258?
-255
In base 7, what is 12 - -1026?
1041
In base 7, what is 13 + -354?
-341
In base 4, what is -220 + -2100?
-2320
In base 12, what is -32 + -22?
-54
In base 8, what is -17 + 166?
147
In base 7, what is 234231 - -4?
234235
In base 2, what is 1010100 - 10110?
111110
In base 9, what is 23 + 0?
23
In base 13, what is -5 - 849?
-851
In base 6, what is 0 - 105?
-105
In base 6, what is 10 + -21?
-11
In base 5, what is -3 + 233?
230
In base 11, what is -17 - 351?
-368
In base 2, what is 100 + 100011100?
100100000
In base 12, what is 7 + 5b?
66
In base 4, what is 322 - 3001?
-2013
In base 4, what is -30 + -20230?
-20320
In base 12, what is -1a + 15?
-5
In base 13, what is 44b - 2?
449
In base 2, what is 10 - -10010111?
10011001
In base 12, what is 6 - -2443?
2449
In base 4, what is 2 - -2210?
2212
In base 4, what is 1 + 133330?
133331
In base 2, what is 101 + 100001110010?
100001110111
In base 5, what is 10 + -2320?
-2310
In base 7, what is 204 - -5?
212
In base 13, what is 0 + 298?
298
In base 14, what is -4 - 1?
-5
In base 4, what is 11 - 10320?
-10303
In base 3, what is -101 + -10112?
-10220
In base 5, what is 404 + -1?
403
In base 7, what is -4 - 61?
-65
In base 8, what is 1043 + 3?
1046
In base 7, what is -2301 - 0?
-2301
In base 15, what is -3 + -7?
-a
In base 13, what is -31 - 1?
-32
In base 14, what is 83 + 9?
8c
In base 5, what is 3 + -2122?
-2114
In base 5, what is -1230 - 224?
-2004
In base 4, what is -3212 + -10?
-3222
In base 16, what is 2 - -111?
113
In base 2, what is 10 - 100110?
-100100
In base 11, what is a26 + -2?
a24
In base 9, what is -1135 + -3?
-1138
In base 6, what is 55 + -4150?
-4051
In base 9, what is 112 - -132?
244
In base 14, what is 19 + ba?
d5
In base 14, what is 1 + -60?
-5d
In base 9, what is 3 + 3?
6
In base 9, what is -4 + 2126?
2122
In base 13, what is b2 - 3b?
74
In base 3, what is 1011222 + -1?
1011221
In base 12, what is -1 - -3?
2
In base 2, what is 10110110 - 100001?
10010101
In base 15, what is -b3 + -1?
-b4
In base 8, what is -74 - 75?
-171
In base 4, what is 132 + -231?
-33
In base 6, what is -2351 + 32?
-2315
In base 7, what is 1 + 460?
461
In base 2, what is 1111001 + -100000?
1011001
In base 3, what is -1102120 + -11?
-1102201
In base 7, what is 2 + 10?
12
In base 14, what is -1 - c3?
-c4
In base 12, what is -28a + -3?
-291
In base 8, what is 4 + -133?
-127
In base 16, what is -3 + 1f4?
1f1
In base 10, what is 161 + -2?
159
In base 4, what is -312320 + -2?
-312322
In base 6, what is 2050 - 5?
2041
In base 4, what is -2 + -13130?
-13132
In base 2, what is -1 + -1011011001?
-1011011010
In base 4, what is -3 + 10112?
10103
In base 13, what is -a37 - 3?
-a3a
In base 12, what is -10b - 1?
-110
In base 8, what is 302 - 2?
300
In base 8, what is -507 - 10?
-517
In base 8, what is -14 - -111?
75
In base 2, what is -101 - 111001111?
-111010100
In base 3, what is 2 + -10212?
-10210
In base 5, what is -1301 - 1?
-1302
In base 16, what is -14 - 105?
-119
In base 16, what is -11 + -36?
-47
In base 4, what is 113 + -11?
102
In base 11, what is 474 + 2?
476
In base 7, what is 220 - 4?
213
In base 16, what is 2 - 69?
-67
In base 15, what is -5 - -5e9?
5e4
In base 8, what is -645 + 14?
-631
In base 4, what is -21 + 2?
-13
In base 10, what is -170 + 11?
-159
In base 6, what is 30 - -2455?
2525
In base 11, what is 94 + 5?
99
In base 2, what is 1000 + 10101001?
10110001
In base 15, what is 2 + -30b?
-309
In base 6, what is -1210 - 0?
-1210
In base 10, what is 17 + -1?
16
In base 4, what is 333 - 3?
330
In base 14, what is 5185 - -1?
5186
In base 3, what is 11 + -1112?
-1101
In base 6, what is 5 - 1542?
-1533
In base 13, what is -3 + -205?
-208
In base 13, what is 2 + -82?
-80
In base 14, what is -328 + -4?
-32c
In base 15, what is -d79 - -5?
-d74
In base 11, what is -2 - 4?
-6
In base 11, what is -733 - -a?
-724
In base 16, what is -6 + -52d?
-533
In base 10, what is 196 + 1?
197
In base 5, what is 212202 - 0?
212202
In base 6, what is -22 - -10?
-12
In base 12, what is 12 + 53?
65
In base 5, what is 2 + -100?
-43
In base 2, what is 1100 + 10000011?
10001111
In base 14, what is 2bd - -3?
2c2
In base 5, what is -1433 + -10?
-1443
In base 2, what is 10010100 - 11?
10010001
In base 14, what is 17 - -4?
1b
In base 15, what is 2 + -75?
-73
In base 13, what is -2 - -ab8?
ab6
In base 11, what is -278 + -4?
-281
In base 2, what is -1110010 - 0?
-1110010
In base 12, what is 17 + 4?
1b
In base 3, what is 1020202 + 120?
1021022
In base 15, what is -5a + -9?
-64
In base 14, what i